Let y = -16 - d. Let a(g) = g**2 + 2*g + 6. Let c be a(y). What is the highest common divisor of 4 and c?
2
Let h be (-15)/(-2)*(-4)/(-6). Let w(l) = 3*l**3 - 3*l**2 - 9*l + 13. Let g be w(1). Calculate the greatest common factor of g and h.
1
Let y(a) = -a**2 + 6*a + 3. Let t be y(6). Calculate the highest common divisor of t and 339.
3
Let j = -368 + 393. What is the highest common divisor of j and 15?
5
Suppose 3*m - 1090 = -178. What is the highest common divisor of 16 and m?
16
Let k(w) = 156*w + 1968. Let u be k(-12). Let h(t) = t**3 + 3*t**2 - t + 3. Let l be h(-3). What is the highest common factor of l and u?
6
Suppose -3*y - 6*y + 4752 = 0. What is the greatest common factor of 33 and y?
33
Suppose 64 = -6*t + 4*t. Let i be (t/6)/((-1)/12). What is the greatest common divisor of i and 8?
8
Suppose 4619*n - 4616*n - 252 = 0. Let d be -2 - (-1)/((-3)/(-174)). What is the highest common factor of n and d?
28
Let n(h) = -23*h - 20. Let r be n(-4). What is the greatest common factor of r and 288?
72
Suppose -5*a - 93 - 2 = 0. Let l be 328/6 - a/57. Let p(k) = k**2 + 3*k - 5. Let g be p(-5). Calculate the highest common divisor of l and g.
5
Suppose 3*s + 2*j - 388 = 0, 145 = -5*s + 2*j + 797. What is the highest common factor of 20 and s?
10
Let q(b) = -9*b**2 + 46*b - 12. Let y be q(4). Calculate the highest common factor of 256 and y.
4
Let p(a) = a**2 - 4*a + 4. Let q(w) = -2*w + 1. Let f be q(-1). Let x be p(f). Let z = 302 + -301. What is the greatest common factor of z and x?
1
Suppose -48*m - 3129 = -28857. What is the highest common factor of 32 and m?
8
Suppose -4*m = -m - 6. Let j be (m/(-8))/(10/(-40)). Suppose -1 = 3*b - 4. What is the highest common divisor of b and j?
1
Let c(d) = d**3 + 29*d**2 - 37*d - 57. Let s be c(-30). Calculate the greatest common factor of s and 27.
9
Let h be (-165)/275 - (-6466)/10. What is the greatest common divisor of 34 and h?
34
Let m(c) = -c**3 + 13*c**2 + 9*c - 19. Let a be m(13). Let w be -4*(-1)/2 + 5. Let o be (-6)/(-3)*(w - 0). Calculate the highest common divisor of o and a.
14
Let d = 921 + -853. What is the highest common factor of d and 1836?
68
Suppose 7*t - 28*t = -2184. What is the highest common factor of 16 and t?
8
Suppose 2*x - 2 = -2*g, -3*g + 0 + 2 = 2*x. Suppose g = 3*s + 3, -3*s + s = 4*y - 94. Suppose -3*n + y = 3*n. Calculate the greatest common divisor of n and 28.
4
Let z(a) = -a**2 - 1. Let l(d) = 7*d**2 + 5*d + 4. Let t(j) = -l(j) - 6*z(j). Let r be t(-4). Let k = 64 - 40. Calculate the highest common divisor of r and k.
6
Let u be (-32)/(-40) - 542/(-10). What is the greatest common factor of 77 and u?
11
Suppose 5*k - 46 = 44. Suppose 26 = 2*t + 134. Let a be (-8)/(-2)*t/(-8). Calculate the greatest common factor of k and a.
9
Let n be (-18 - 0)*(-3)/2. Let g = -25 + n. Suppose -g*c = 5*c - 910. What is the greatest common divisor of 52 and c?
26
Let q = 21 - -12. Calculate the highest common divisor of 6 and q.
3
Let m(g) = -g**2 + 9*g + 5. Let i(a) = -a**2 + 11*a - 10. Let x = -4 - -13. Let u be i(x). Let s be m(u). Calculate the highest common factor of s and 91.
13
Suppose -75*v = 86 - 611. Suppose -w + 5*z + 131 = 2*w, 4*z + 88 = 2*w. What is the highest common divisor of w and v?
7
Let v = -300 - -355. Calculate the highest common factor of v and 66.
11
Let z be -2*((-7)/6 + 6/(-18)). Suppose 0 = -3*u + 4*t + 38, 29 = 3*u - z*t - 13. What is the greatest common factor of u and 54?
18
Let d = 30 + -27. Let t be 2 + (-6)/d + 6. Suppose 0*n = n - 2. Calculate the highest common divisor of n and t.
2
Suppose 4*d - 559 = -5*g, 3*g - 361 = 5*d - d. Suppose q + 334 = 3*j + 3*q, j - g = 3*q. Suppose -2*z + 4*z = 32. What is the highest common factor of j and z?
16
Let t = 43 - 26. Suppose a - v = 99, t = 5*v - 8. Let x be 221/a + (-2)/16. What is the highest common divisor of x and 14?
2
Let t(h) = h**2 + h + 1. Let s(b) = -2*b**2 + b + 2. Let j(d) = -s(d) - t(d). Let f be j(3). Let p = 12 + f. What is the highest common factor of p and 8?
4
Suppose 7*q - 112 = -q. Calculate the highest common factor of q and 28.
14
Let m(t) = t**3 - 10*t**2 - 33*t + 7. Let o be m(13). Calculate the greatest common factor of o and 34.
17
Let f(t) = -t + 0 - 1 + 2 + 0*t. Let r be f(-5). Let m(h) = -h + 52. Let x be m(-14). What is the greatest common divisor of x and r?
6
Suppose 0*u = -4*u - v + 108, 0 = 4*u - 4*v - 88. Calculate the greatest common factor of u and 13.
13
Suppose -5*f = -f - 368. Suppose -s = 3*s - f. What is the highest common factor of s and 92?
23
Let d be (-4)/(-14) + 47/7. Let h be 97 + 7/(14/(-6)). Suppose -4*s = 2*j - h, -4*j + 8*s = 3*s - 201. Calculate the greatest common factor of j and d.
7
Let m(f) = -3*f**3 + 2*f**2 + 4*f + 2. Let w be m(-2). What is the highest common factor of w and 208?
26
Suppose d - 2*d = -22. Let n = -30 - -31. Let h(p) = 176*p**2 - 2*p + 2. Let q be h(n). Calculate the highest common divisor of q and d.
22
Let m be (1760/10)/(0 - -2). Calculate the greatest common divisor of m and 77.
11
Suppose 3*v + 22 = -2. Let x = 8 - v. Let g(s) = -4*s + 8. Let d be g(-6). What is the highest common divisor of d and x?
16
Let j = 11 - 21. Let v = j + 47. Let r be v/6 - 9/54. What is the greatest common factor of r and 30?
6
Suppose -5*v = -2*a + 7*a + 10, -5*a + 10 = -5*v. Suppose a = -2*d - 8, -5*p = -2*d - 22 + 4. Calculate the greatest common divisor of p and 16.
2
Let m(i) = 24*i**2 - i + 2. Let l be m(1). What is the highest common divisor of 100 and l?
25
Suppose -3909 = -31*m + 4461. What is the highest common factor of m and 10?
10
Let u be (-322)/(-69) + (-2)/(-6). Suppose -147 = -u*z + 103. What is the highest common factor of 10 and z?
10
Let s(c) = -c**3 + 8*c**2 + 8*c + 5. Let m be s(10). Let q be (-2 + 2 + -1)*m. Let l be (-3 - -1) + -1 + q. Calculate the greatest common divisor of 16 and l.
16
Suppose 7 = 5*u + 2. Let s be (-1 - -3) + 6 - 2/u. What is the highest common divisor of 66 and s?
6
Suppose -5*f + 78 = 3*w, 0*f = -3*f - 3*w + 48. Let j = f - 18. Let p(y) = y**2 - 2*y - 5. Let r be p(j). What is the greatest common factor of 80 and r?
10
Suppose -5*c + j = -20, 2*c + 0*j + 15 = 5*j. Let n be (0 + 7)/((-1)/10). Let v be ((-8)/c)/(4/n). What is the greatest common divisor of v and 14?
14
Suppose 0 = -r - 2*s + 397, -3*r - s + 3*s + 1183 = 0. Calculate the greatest common divisor of 158 and r.
79
Suppose 20*k - 2990 = -3*k. What is the greatest common divisor of k and 70?
10
Let d = 50 + -35. Suppose o - d = -k, 6*o = 2*o - k + 57. Suppose 5*x - 137 = -5*c + 18, -x - 4 = 0. What is the greatest common factor of c and o?
7
Let n(t) = -t**3 + 18*t**2 + 17*t + 60. Let m be n(19). What is the highest common divisor of 77 and m?
11
Suppose 0*v - 3*v + 21 = c, -53 = -3*c - 4*v. Suppose 37 - c = 2*m. What is the highest common divisor of 1 and m?
1
Let m = 357 + -351. Let j(g) be the second derivative of g**3/6 + 12*g**2 - 3*g. Let r be j(0). What is the greatest common divisor of r and m?
6
Let d = -18 - -39. Let p be (((-33)/22)/((-6)/4))/1. Let k = d - p. What is the highest common factor of 30 and k?
10
Let j(c) = c**2 + 2*c. Let t be j(-2). Suppose t = -v + 3*v - 72. Suppose d + d = 3*b - 166, -154 = -3*b - 4*d. What is the greatest common factor of b and v?
18
Let l be (-746 + 6)/(-5) + -4. Calculate the highest common factor of 468 and l.
36
Suppose 28*n = -39*n + 7504. Calculate the highest common divisor of n and 688.
16
Suppose -3*x + 4*i + 408 = 0, 30*i - 33*i = -4*x + 551. Calculate the greatest common divisor of 42 and x.
14
Let k = 639 + -345. Calculate the greatest common factor of k and 42.
42
Let d(n) = n**3 - 12*n**2 + 34*n + 25. Let p be d(10). Calculate the greatest common divisor of 231 and p.
33
Let c = -44 - -64. Suppose -c = l - 60. What is the highest common factor of 8 and l?
8
Suppose 319 = 5*v - 1606. Calculate the greatest common factor of 55 and v.
55
Let z = -7 - -43. Suppose -4*g = -7*g + 5*w + 22, -4*w = g + 4. Calculate the greatest common factor of g and z.
4
Let c be (-6 + 9)/(6/8). Suppose 14 = 5*j - 0*j - x, -x + c = j. Suppose z - 58 = -h + 5*z, -54 = -h + j*z. Calculate the greatest common divisor of h and 14.
14
Suppose t - 44 = 2*r - 0*r, -2*t + 5*r + 88 = 0. Let q = t + -6. What is